 + 48. Suppose 6*q - 8 = 2*q. Suppose 6 = -q*r + f. What is the tens digit of r?
1
Suppose 5*k - 9*k - 4*z = -444, -z - 561 = -5*k. What is the units digit of k?
2
Let l(q) = q - 7. Let u be l(6). Let h = -1 - u. Suppose h = -3*t + i + 17, -51 = -5*t - 7*i + 3*i. What is the units digit of t?
7
Let l(a) = -5*a + 3*a + a - 1. Let v be l(-3). Suppose -v*j + 3*j = 9. What is the units digit of j?
9
Suppose -3*p = 5*u + p - 6, 0 = -2*u + p + 5. What is the units digit of (7 - (u + -2)) + 1?
8
Suppose -d + 106 = 3*g, 3*d = 8*d - 4*g - 587. What is the hundreds digit of d?
1
Suppose 524 = 5*n - 4*a, -4*n - 3*a + 532 = 88. What is the units digit of n?
8
Suppose 80 = -2*g + 246. What is the units digit of g?
3
Let z(v) = 2*v**2 - 5*v - v**3 + 0*v**3 - 4 - v**3 + 3*v**3. Let w = -10 + 7. What is the units digit of z(w)?
2
Let c(j) = -3*j - 9. Let p = 6 - 19. What is the tens digit of c(p)?
3
Let v(a) = -16*a**2 - 4*a + 37*a**2 - 3 - 17*a**2. What is the tens digit of v(-2)?
2
Let r = 66 + -31. What is the units digit of r?
5
What is the tens digit of 78 + 1 + (1 - 4)?
7
Let z be (0 + 7/(-2))*-6. Let p be z/(-15) + 6/15. What is the units digit of 1*-9*(p - 0)?
9
Suppose -5*k - h + 18 = 0, 5*k - 3*h - 7 = -1. What is the units digit of k?
3
Suppose 6*n - 6 = 3*n. Suppose n*k + 3*s - 7 = 0, -k - k + 3*s = -13. Suppose -k*r = -5 - 0. What is the units digit of r?
1
Let j(n) = 3*n**2 - 2*n + 4. What is the tens digit of j(3)?
2
Suppose 5*d - 608 = -198. What is the units digit of d?
2
Let m(y) = -y**2 + y + 1. Let z(c) = 13*c**2 + 5*c + 4. Let w(j) = -5*m(j) + z(j). What is the tens digit of w(1)?
1
Let c(f) = f**2 - 9*f - 19. Let q = 40 + -27. What is the units digit of c(q)?
3
Let v be 3/(-18)*4*15. Let w = v + 16. What is the units digit of w?
6
Suppose -3*z - 5 - 7 = 0. Let i = 0 - z. What is the tens digit of (22/(-4))/(i/(-8))?
1
What is the tens digit of 1*35 + 13 + -10?
3
Let a be (-12)/(-18) - 238/(-3). Suppose 3*t - a = -2*t. What is the units digit of t?
6
Let y be (0 - 3)*(-1)/1. What is the units digit of 20/y*(-12)/(-10)?
8
Suppose -p = 2*k - 32, 0*p = k + 2*p - 19. What is the tens digit of k?
1
Suppose 0*a - 5*a = 0. Suppose a = -3*m - 9, 2*c - 2*m = -0*m + 22. Suppose 2*w + c = 2*z, -3*z + 4*w = -6*z + 40. What is the units digit of z?
8
Let x = -1 + 2. Suppose -z + 2 = x. What is the units digit of z?
1
Let z = -64 - -155. What is the units digit of z?
1
Let z(q) be the third derivative of 3*q**4/8 - q**3/2 + 5*q**2. What is the tens digit of z(2)?
1
Suppose 0 = -0*f - f - 2*z + 41, -3*f = 5*z - 120. What is the tens digit of f?
3
Suppose 0 = -3*s + 9, 4*u - 2*s - 4 - 2 = 0. Let z be 66*(1/u + 0). Suppose 0 = 4*o - z - 30. What is the tens digit of o?
1
Suppose 3*u - 324 = -3*d, u - 3 = d + 95. What is the tens digit of u?
0
What is the tens digit of 3/1 + -6 - -16?
1
Let a(y) = 34*y**2 + 1 - 7 + 5 + y. What is the units digit of a(1)?
4
Suppose -2*g - 2*j - j + 71 = 0, -g + j + 43 = 0. Suppose 6*x = x + g. What is the units digit of x?
8
Let b = 12 - -18. Suppose b = -5*o + 85. What is the units digit of -3*(o/(-3) - -2)?
5
Let z = -169 - -206. What is the units digit of z?
7
What is the units digit of (-3 - (-306)/10) + 14/35?
8
Let u = 0 + 3. Suppose -m = -2*k + 28, 69 = u*k + 2*k - 3*m. What is the tens digit of k?
1
Let q(x) = x + 6. Let d be q(-5). Let a be -1*((2 - 3) + 0). What is the units digit of 3 - ((-3)/a)/d?
6
Let w(h) = h + 8. Let k be w(-6). Let i(s) = -s + 7. Let m be i(5). What is the units digit of 2 - (-10 + k/m)?
1
Let z(b) = 11*b**2 + b + 1. What is the units digit of z(-1)?
1
Suppose 3*r - 5*t = -r + 4, 0 = r + t + 8. Let y(l) = -l**2 + 5*l - 7. Let h(s) = -s**2 - 1. Let v(x) = -3*h(x) + y(x). What is the units digit of v(r)?
8
Let i(o) = 2*o**3 - 5*o**2 - 7*o + 17. What is the hundreds digit of i(5)?
1
Let y(v) = 2*v**2 - 25*v + 14. Let g be y(12). Let x = 65 - 34. Suppose -2*h + 12 = -g*p, -11 = 4*h - 2*p - x. What is the units digit of h?
4
Let j(i) = 29*i - 9. What is the tens digit of j(3)?
7
Suppose -2 + 5 = f. Let q(i) = 3*i**2 + 3*i - 4. What is the tens digit of q(f)?
3
Suppose 31 = 5*s - 2*p, -2*p = s + 3*p + 10. What is the units digit of s?
5
Let m = 97 - 45. What is the units digit of m?
2
Let q = -44 + 67. Let o = q - 3. What is the tens digit of o?
2
Let m(b) be the first derivative of 19*b**3/3 + 3. Let t(g) = g**2 + 4*g - 6. Let z be t(-5). What is the units digit of m(z)?
9
Suppose -i - 22 + 274 = 3*u, -2*u + 158 = 4*i. What is the units digit of u?
5
Let j be ((-7)/(-3))/((-1)/(-18)). Suppose -6 = -3*r, -3*h - 5*r + j + 88 = 0. What is the units digit of (-6)/5*h/(-6)?
8
Let r = 19 - 11. Suppose d - 3*q + q = 4, r = 2*d + 5*q. Suppose -3*l - 5*w + 7 - 20 = 0, 1 = d*l + 3*w. What is the units digit of l?
4
Let x(m) = -2*m**2 - 5*m - 4. Let n(t) = -t**3 - 4*t**2 - t + 2. Let k be n(-3). Let j be x(k). Let l = -10 - j. What is the units digit of l?
6
Suppose 3*m - 7 - 11 = 0. Suppose -4*h + h = -m. What is the units digit of h?
2
Let g = 5 + -4. Let a = 0 + g. What is the units digit of a?
1
Let f(c) = c**3 - 7*c**2 + 4*c + 25. What is the tens digit of f(7)?
5
Let f = -14 + 26. Let i = -7 + f. Suppose 27 = 3*k - i*c, -5*k + 5*c + 32 = c. What is the units digit of k?
4
Suppose 140 = 4*t + 2*s + 3*s, -2*t - 3*s + 70 = 0. What is the tens digit of t?
3
Let v(l) = -114*l - 20. What is the tens digit of v(-2)?
0
Let h(q) = 12*q. Let z be h(1). Suppose 2*k - 8 - z = 0. What is the tens digit of k?
1
Suppose -3*u + u - 14 = 0. Let g = u - -13. Let w = 1 + g. What is the units digit of w?
7
Suppose t + 3*t = 16, 5*t - 28 = -2*v. Suppose 42 = -5*p - v*x + 128, -3*p - 2*x = -52. What is the units digit of p?
8
Let r(v) = 7*v**2 + 17*v + 4. Let p(z) = 20*z**2 + 51*z + 13. Let k(s) = -6*p(s) + 17*r(s). What is the units digit of k(-15)?
0
Let p(r) = 32*r**2 + 3*r + 7. What is the hundreds digit of p(3)?
3
Let j(s) = s**2 - 2*s - 3. What is the tens digit of j(-5)?
3
Suppose 17 + 400 = 3*m. What is the units digit of m?
9
Let c = 8 + -6. Suppose 36 = c*k - 0*r - 2*r, 4*r = 5*k - 85. What is the tens digit of k?
1
Suppose 406 = -16*n + 18*n. What is the tens digit of n?
0
Let j(d) = -d**2 - 1. Let b(k) = -2*k**2 + 5*k - 6. Suppose -2*m + 3 = -3. Let i(a) = m*j(a) - b(a). What is the units digit of i(-5)?
3
Let d be 375/10 - 1/2. Suppose -4*v = -d - 3. What is the tens digit of v?
1
Let u = 53 - 13. What is the tens digit of u?
4
Suppose v = 4*v - 6. What is the units digit of v?
2
Suppose 0 = 3*t + 5*j - 54, -3*j = t - 11 - 11. What is the units digit of t?
3
Suppose 0 = r + 4*r - 20. Suppose 4*k - 24 - 76 = -r*w, 0 = -3*w - 2*k + 76. What is the tens digit of w?
2
Let x(z) = z**2 - 5*z + 13. What is the hundreds digit of x(15)?
1
Let g be 2/(-7) + (-10)/(-35). Suppose 0 = 5*i - i, g = 4*f - 3*i - 100. What is the units digit of f?
5
What is the units digit of (1 - -2)*(-1 - -2)?
3
Let t(d) = d**2 + 8*d + 1. Let m be t(-7). Let w be ((-4)/8)/(1/m). Suppose o - 12 = -w*o. What is the units digit of o?
3
Let u = 15 + 9. What is the tens digit of u?
2
Suppose -t = -4*c - 47, -5*t + 185 = c + 4*c. What is the units digit of t?
9
Suppose -3*x + 610 = 2*x. Suppose 3*k = -b + 63, 0 = -8*k + 3*k + 4*b + x. What is the units digit of k?
2
Suppose -12 = -7*b + 3*b. Suppose 4*p - 4 = -4*u, 38 = 3*u - b*p + 11. What is the units digit of u?
5
Suppose 2*t = 7 + 3. Let u(l) = l**3 - 4*l**2 - 5*l + 1. Let m be u(t). Suppose 4*p + m = y - 22, -31 = -5*y - p. What is the units digit of y?
7
Let g be 3/(0 - (-6)/20). Let d = 9 + -13. Let q = g + d. What is the units digit of q?
6
Let x be (10/4)/(1/2). Suppose 0*g - 5*g = x*v - 55, 0 = 5*g - 10. Suppose 0 = v*m - 7*m - 26. What is the units digit of m?
3
Let l(u) = -u**3 - 4*u**2 - 5*u. Let g be l(-2). Suppose v = a + 48, 2*a + g*a + 12 = 0. What is the tens digit of v?
4
What is the units digit of (3 - -1) + (32 - 1)?
5
Suppose 3 = o - 0, 3*o - 50 = -x. What is the units digit of x?
1
What is the units digit of 4*(-3)/36*-15?
5
Suppose -2*c + 28 = 2*c. Let m = c - 4. Suppose -5*d + 33 = m*z, -z - 8 + 20 = 2*d. What is the units digit of z?
6
Let f = -31 - -85. What is the units digit of f?
4
Suppose 2*p = 2*z + 2, 3*p - 12 - 3 = 0. Suppose -2*x = -m - 23, -x + 64 = 3*x + 